e -34414 = -9*q + 37865. Does 125 divide q?
False
Suppose -41*t + 4*j + 147898 = -36*t, 3*t = -j + 88715. Is t a multiple of 159?
True
Let s = 76842 - 44026. Does 60 divide s?
False
Let q(o) = -119*o + 492. Is q(-14) even?
True
Let u be ((-16)/(-32))/(-1 - (-10)/8). Suppose 5*q + t - 1 - 3 = 0, -u*t = -8. Suppose -m = 4*w - 18 - 4, -2*m - 5*w + 44 = q. Is 7 a factor of m?
False
Suppose -5*z + 3*x = 0, 2*z + 3*x + 10 = 31. Suppose 0 = z*h - 100 + 88. Suppose -g + 300 = 2*p, h*g - 717 = -4*p - 109. Is 28 a factor of p?
False
Let v(y) = y**3 - 14*y**2 - 5*y - 4. Let i be v(15). Let a = 163 - i. Is a even?
False
Let x(n) be the third derivative of 67*n**5/60 + n**3/3 + 24*n**2. Let t be x(-2). Does 6 divide (t/35)/(3/56)?
True
Let x(t) = 19*t**2 - 14*t - 60. Is x(-17) a multiple of 70?
False
Is 30 a factor of 4/(-30) - (-441)/945 - 67724/(-12)?
False
Suppose 2*r - 4*m = 7092, 5*r - 1978*m + 1981*m = 17821. Is r a multiple of 178?
True
Let b = 12 + -45. Let r(c) = 2*c**3 + 67*c**2 + 31*c + 2. Is 5 a factor of r(b)?
False
Suppose -4*s - 128 = -4*w, -31*w + 74 = -29*w - 4*s. Suppose w*u - 14625 = 414. Is u a multiple of 11?
False
Let h(t) = -24*t + 123. Suppose 0 = 73*v - 79*v - 48. Does 45 divide h(v)?
True
Suppose -109*c + 367191 + 96277 = 0. Is c a multiple of 16?
False
Let s = 62 - 60. Suppose -s*v + 618 = 3*b, 3*b - 3*v - v - 618 = 0. Let g = b + -122. Is 14 a factor of g?
True
Let j be ((-284)/12 + -1)*(1 + -4). Suppose 7*o - j - 122 = 0. Does 14 divide o?
True
Let m(z) be the second derivative of 1/2*z**2 - 11/10*z**5 + 0 + 6*z - 1/6*z**4 - 1/6*z**3. Is 5 a factor of m(-1)?
False
Let r be (-4)/6 - 86020/(-69). Suppose 4*g + 3*v - 1003 = 0, 5*g - 9 = -4*v + r. Does 13 divide g?
True
Does 21 divide (3/6)/(8/1920*20) - -51780?
True
Suppose -4*f + 3712 - 671 = 5*m, -3*f = -m - 2276. Let l = f - 477. Does 32 divide l?
False
Suppose 16511 = 14*o - 3*o. Does 7 divide o?
False
Let n(v) = v**3 + 10*v**2 - 2*v + 4. Let i(w) = -5*w**2 + 4*w + 2. Suppose -4*b + 7 = -3*l, 2*l - 4*b + 3 = -3*b. Let s be i(l). Is 21 a factor of n(s)?
False
Let o be 22/16 - (-39)/(-104). Let q be ((-9)/6 + o)/(8/(-32)). Is 0/q - (-116 + 0) a multiple of 18?
False
Suppose 10*t - 3333 = -t. Suppose 0 = -2*h - 3*l - 71 - 98, -l = -4*h - t. Let j = h + 126. Is j a multiple of 49?
True
Does 149 divide (0 - (-42)/(-8))/((-1)/1124)?
False
Suppose 3*r + 2*o = -885, -r - 2*o - 281 = -6*o. Let s = -182 - r. Is s a multiple of 6?
False
Let t(c) = c**2 + 14*c - 27. Let n be t(-16). Let q(w) = 5*w - 23. Let d be q(n). Suppose -5*m = j - 108, 4*j - d*j = m - 26. Is m a multiple of 7?
False
Let v(s) = 143*s - 23. Let a be v(13). Suppose 3*l - 1468 = -4*c, 5*c = -2*l - 2*l + a. Suppose 4*k - c = 176. Is k a multiple of 15?
True
Suppose 39*q + 34*q - 199322 = 29095. Is 37 a factor of q?
False
Suppose 0 = -12*t + 1662 + 1794. Suppose 19*j - t = 11*j. Is 15 a factor of j?
False
Let d(t) = 9*t**3 + 5*t**2 + 2*t - 5. Let x be d(3). Let s = x - 120. Does 24 divide s?
False
Let r = 18149 + -9964. Is 40 a factor of r?
False
Let d(o) = 529*o + 1. Let x be d(1). Suppose -i + x = 4*i. Suppose -2*a + i = s + s, 3*a - 3*s - 129 = 0. Is a a multiple of 6?
True
Let i(y) = 167*y - 4063. Does 5 divide i(28)?
False
Let s = 6868 + -4598. Is s a multiple of 3?
False
Let z = 215 - 215. Let m = 6 - 1. Suppose 5*s - 2*r - 118 = z, 0 = -m*s - 10*r + 5*r + 90. Is 15 a factor of s?
False
Let g = -34 - -40. Let y(s) = s**2 - 3*s - 11. Let x be y(g). Let b(o) = o**2 - 7*o + 10. Does 2 divide b(x)?
True
Suppose -12*l + 7*l + 20 = 0. Suppose 6 = -2*a - 4, 5*r - 65 = -l*a. Suppose r*t - 5*t = 948. Is 11 a factor of t?
False
Let f(q) = -q**2 - 18*q - 59. Let z be f(-16). Does 30 divide (688/(-12))/(-2 - 48/z)?
False
Suppose -15*b + 182189 + 3646 = 50*b. Is b a multiple of 28?
False
Let h = 25 - 23. Let o be h/(-7) + (-60)/(-14). Suppose 47 = c + 3*p, c + o*p - 141 = -2*c. Is 12 a factor of c?
False
Let u be (8/(16/13))/(1/2). Suppose -33 = -2*a + u. Is 23 a factor of a?
True
Suppose -v - 3*x - 6 = v, -4*x - 11 = 3*v. Is 2 - 759/v - (-2)/3 a multiple of 3?
True
Suppose 5*q + 0*c - 18 = 3*c, -2*q + 3*c + 9 = 0. Let v be 2/(-10) + q/(45/483). Let w = v + 12. Does 22 divide w?
True
Suppose -3*m + 5*s + 46 = 0, 84 = 126*m - 121*m - s. Let c(i) = -i**3 + 22*i**2 - 81*i + 1. Does 4 divide c(m)?
False
Suppose 4*j - 31852 = -v, 0 = 2*v - 8*v. Is 5 a factor of j?
False
Suppose 0 = -15*j + 28*j - 26. Is 58 a factor of 2140/25*((-45)/j)/(-3)?
False
Suppose -5*h - 76 = -4*t, -5*t + 2*h - 6*h + 136 = 0. Let f(g) = 27*g - 148. Does 12 divide f(t)?
False
Suppose -4*d + 3*c = 4*c - 2135, c = -3*d + 1600. Suppose d = -2*j + 1579. Is j a multiple of 48?
False
Suppose 2*g - 4*g - 512 = 3*f, -684 = 4*f + 3*g. Let o = 274 + f. Let w = o - 53. Is 37 a factor of w?
False
Let n(q) = 2*q**2 + 15*q + 1. Suppose 4*t - 26 = -v, 10 = 3*v - t - 3. Let i be n(v). Let d = i - 91. Is 15 a factor of d?
False
Let l = -81 + 82. Let c be 2 + l - (-1 + -134). Suppose 0 = 24*u - 21*u - c. Is u a multiple of 23?
True
Suppose 2*y + 2768 = g, 13*y + 8308 = 3*g + 8*y. Is 8 a factor of g?
True
Let u(x) = x**3 - 3*x**2 - 11*x + 7. Let g be u(5). Suppose -2*i - q - g*q = 94, 4*i + 4*q = -196. Let a = i - -66. Does 3 divide a?
False
Let d(v) be the third derivative of -3*v**4/8 + 7*v**3/6 + 2*v**2. Suppose 25*o - 20*o + 25 = 0. Is 21 a factor of d(o)?
False
Suppose 4*u = -427 - 201. Let m = 706 - 473. Let t = m + u. Does 11 divide t?
False
Let f be (30 - 2) + (-4)/(-1) + -8. Suppose 84 + f = 3*k. Suppose -13*b + 10*b + k = 0. Is b a multiple of 12?
True
Let h = 642 - -264. Suppose -4*o + 2*k + h = 0, -5*k + 1130 = 5*o - 7*k. Does 8 divide o?
True
Suppose 0 = -5*c + 7 + 3. Suppose 0 = 3*o - o + c*v + 90, 2*v - 110 = 2*o. Let n = 60 + o. Is 8 a factor of n?
False
Let t(g) = g**3 + 2*g**2 - 4*g - 8. Let l be t(-2). Suppose -5*h - 710 = -5*r, 2*h - 544 = -4*r - l*h. Does 19 divide r?
False
Suppose -t + 1187 - 154 = -35. Is 14 a factor of t?
False
Is 19 a factor of -3 - 11/((-198)/74604) - 1/(-3)?
True
Is (-85)/(-2210) + 10710/52 a multiple of 9?
False
Let b = -48 - -61. Suppose b*g + 22 + 199 = 0. Let a = 2 - g. Does 4 divide a?
False
Let k(b) = -131 + 65 - 118 - 21*b. Is k(-35) a multiple of 28?
False
Let f(c) = -c**3 + 41*c**2 + 62*c + 125. Is f(40) a multiple of 9?
False
Let m(x) = -x**2 + 8*x - 4. Let a be m(8). Is a + 2 + -2 + (-8 - -63) a multiple of 15?
False
Suppose -3*x + 4 = 2*c - 11, -2*c = -6. Suppose 0 = x*k + 3*v - 0*v - 729, 0 = 5*k + 2*v - 1215. Is k a multiple of 27?
True
Let z be 24*(4 + (-28)/6). Let d = z - -1. Let w(q) = -2*q - 21. Does 2 divide w(d)?
False
Let k be 1*-4*9/12*-218. Suppose -656*y = -k*y - 330. Does 11 divide y?
True
Let b be (3 - 2 - 2)*(-18)/3. Let o be (1 + 21/b)*(-68)/(-6). Suppose o = 2*x - x + 3*v, 5*v = 4*x - 272. Does 7 divide x?
True
Suppose 46*m - 131158 - 131742 = -47068. Does 25 divide m?
False
Suppose -3*u - 27 - 141 = -3*k, -3*k - 2*u = -163. Let s = -58 + k. Is (s + (-276)/20)*-5 a multiple of 14?
True
Let s(k) = -4*k**3 - 19*k**2 - 8*k - 12. Let q(o) = o**3 - o**2 - o. Let r(y) = -3*q(y) - s(y). Is 21 a factor of r(-5)?
False
Let o = 21231 + -10651. Suppose -21*b = -b - o. Is b a multiple of 19?
False
Let z(t) = 18 + 2417*t - 1208*t + 5*t**2 - 1209*t. Is 48 a factor of z(-9)?
False
Let f be (45/25)/(1/5)*-1. Let g be (-4)/3 - (-42)/f. Is 12 a factor of (-5 - g) + 42/9*12?
False
Suppose 100*m = -77*m + 564984. Is 6 a factor of m?
True
Suppose 0 = -8*h - 68 - 100. Let m = h + 22. Does 17 divide (242/6)/m - (-34)/(-102)?
False
Does 2 divide (10/(-3))/(-43 - (-12113962)/281724)?
True
Let r = 57501 + -26864. Is 22 a factor of r?
False
Let b be (-585)/(6 + -11) - -3. Let m = 65 - 30. Suppose -p + m = -b. Is p a multiple of 25?
False
Let u = 727 + 801. Is 11 a factor of u?
False
Let a = -84 + 89. Suppose 582 = 5*l + 21*u - 20*u, 4*l + a*u - 453 = 0. Does 39 divide l?
True
Let h(s) = s**3 - s**2 + 21*s + 44. Is 33 a factor of h(8)?
True
Suppose -13*i - 23579 + 91941 = -77238. Does 35 divide i?
True
Suppose 0 = -39*m + 4*m + 77346 - 8851. Is m a multiple of 19?
True
Let j = -25979 - -27620. Does 17 divide j?
False
Let m be (4/(-18))/(3/(162/(-6))). Is m*(-295)/(-1) + -1 a multiple of 19?
True
Suppose 10*h + 7 - 7 = 0. Suppose